{"id":770,"date":"2018-06-26T05:53:11","date_gmt":"2018-06-26T03:53:11","guid":{"rendered":"https:\/\/www.location-hossegor-thalassa.fr\/?page_id=770"},"modified":"2019-01-18T16:05:14","modified_gmt":"2019-01-18T15:05:14","slug":"termes-et-conditions","status":"publish","type":"page","link":"https:\/\/www.location-hossegor-thalassa.fr\/home\/termes-et-conditions\/","title":{"rendered":"Termes and Conditions"},"content":{"rendered":"\t\t<div data-elementor-type=\"post\" data-elementor-id=\"770\" class=\"elementor elementor-770\" data-elementor-settings=\"[]\">\n\t\t\t<div class=\"elementor-inner\">\n\t\t\t\t<div class=\"elementor-section-wrap\">\n\t\t\t\t\t\t\t<section data-id=\"f2b3095\" class=\"elementor-element elementor-element-f2b3095 elementor-section-boxed elementor-section-height-default elementor-section-height-default elementor-section elementor-top-section\" data-element_type=\"section\">\n\t\t\t\t\t\t<div class=\"elementor-container elementor-column-gap-default\">\n\t\t\t\t<div class=\"elementor-row\">\n\t\t\t\t<div data-id=\"a45c190\" class=\"elementor-element elementor-element-a45c190 elementor-column elementor-col-100 elementor-top-column\" data-element_type=\"column\">\n\t\t\t<div class=\"elementor-column-wrap  elementor-element-populated\">\n\t\t\t\t\t<div class=\"elementor-widget-wrap\">\n\t\t\t\t<div data-id=\"e25097a\" class=\"elementor-element elementor-element-e25097a animated fadeInUp elementor-invisible elementor-widget elementor-widget-heading\" data-settings=\"{&quot;_animation&quot;:&quot;fadeInUp&quot;}\" data-element_type=\"heading.default\">\n\t\t\t\t<div class=\"elementor-widget-container\">\n\t\t\t<h1 class=\"elementor-heading-title elementor-size-default\">Termes et Conditions<\/h1>\t\t<\/div>\n\t\t\t\t<\/div>\n\t\t\t\t<div data-id=\"21c8d1c\" class=\"elementor-element elementor-element-21c8d1c animated fadeInUp elementor-invisible elementor-widget elementor-widget-text-editor\" data-settings=\"{&quot;_animation&quot;:&quot;fadeInUp&quot;,&quot;_animation_delay&quot;:400}\" data-element_type=\"text-editor.default\">\n\t\t\t\t<div class=\"elementor-widget-container\">\n\t\t\t\t\t<div class=\"elementor-text-editor elementor-clearfix\"><\/div>\n\t\t\t\t<\/div>\n\t\t\t\t<\/div>\n\t\t\t\t\t\t<\/div>\n\t\t\t<\/div>\n\t\t<\/div>\n\t\t\t\t\t\t<\/div>\n\t\t\t<\/div>\n\t\t<\/section>\n\t\t\t\t<section data-id=\"c8d681f\" class=\"elementor-element elementor-element-c8d681f elementor-section-boxed elementor-section-height-default elementor-section-height-default elementor-section elementor-top-section\" data-element_type=\"section\">\n\t\t\t\t\t\t<div class=\"elementor-container elementor-column-gap-default\">\n\t\t\t\t<div class=\"elementor-row\">\n\t\t\t\t<div data-id=\"03a5609\" class=\"elementor-element elementor-element-03a5609 elementor-column elementor-col-100 elementor-top-column\" data-element_type=\"column\">\n\t\t\t<div class=\"elementor-column-wrap  elementor-element-populated\">\n\t\t\t\t\t<div class=\"elementor-widget-wrap\">\n\t\t\t\t<div data-id=\"625b11b\" class=\"elementor-element elementor-element-625b11b elementor-widget elementor-widget-accordion\" data-element_type=\"accordion.default\">\n\t\t\t\t<div class=\"elementor-widget-container\">\n\t\t\t\t\t<div class=\"elementor-accordion\" role=\"tablist\">\n\t\t\t\t\t\t\t<div class=\"elementor-accordion-item\">\n\t\t\t\t\t<div id=\"elementor-tab-title-1031\" class=\"elementor-tab-title\" tabindex=\"1031\" data-tab=\"1\" role=\"tab\" aria-controls=\"elementor-tab-content-1031\">\n\t\t\t\t\t\t\t\t\t\t\t\t<span class=\"elementor-accordion-icon elementor-accordion-icon-left\" aria-hidden=\"true\">\n\t\t\t\t\t\t\t<i class=\"elementor-accordion-icon-closed fa fa-plus-square-o\"><\/i>\n\t\t\t\t\t\t\t<i class=\"elementor-accordion-icon-opened fa fa-minus-square-o\"><\/i>\n\t\t\t\t\t\t<\/span>\n\t\t\t\t\t\t\t\t\t\t\t\t<a href=\"\">Conditions de location par appartement<\/a>\n\t\t\t\t\t<\/div>\n\t\t\t\t\t<div id=\"elementor-tab-content-1031\" class=\"elementor-tab-content elementor-clearfix\" data-tab=\"1\" role=\"tabpanel\" aria-labelledby=\"elementor-tab-title-1031\"><p>4 adultes maximum.\u00a0Convient id\u00e9alement pour famille avec 2\/3 enfants.\u00a0\u00a0<\/p><p>Location \u00e0 la SEMAINE, d&rsquo;avril \u00e0 juin et de septembre \u00e0 novembre, de SAMEDI \u00e0 SAMEDI, voire de dimanche \u00e0 dimanche.<\/p><p><strong>En haute saison (juillet et ao\u00fbt<\/strong>), location minimum: 2 semaines.<\/p><p>Exceptionnellement en week-end, en dehors de la saison.<\/p><p>R\u00e9servation ferme apr\u00e8s versement de 25% d&rsquo;arrhes. au moins 5 mois \u00e0 l&rsquo;avance.<\/p><p>Paiement du solde 30 jours avant l&rsquo;entr\u00e9e dans les lieux.<\/p><p>MEME GRILLE DE PRIX pour chacun des 2 appartements.<\/p><p>Prix, par semaine, variables en fonction de la p\u00e9riode dans la saison.<\/p><p>Les prix affich\u00e9s correspondent \u00e0 une location pour 4 personnes seulement.<\/p><p>Si le 5\u00e8me occupant est \u00e2g\u00e9 de plus de 3 ans, compter 25 \u20acuros suppl\u00e9mentaires par nuit\u00e9e.<\/p><p>SUPPLEMENT: taxe de s\u00e9jour : 1,10 \u20acuro par nuit\u00e9e et par personne de plus de 18 ans, per\u00e7ue par le propri\u00e9taire au b\u00e9n\u00e9fice de la Commune de Soorts-Hossegor..<\/p><\/div>\n\t\t\t\t<\/div>\n\t\t\t\t\t\t\t<div class=\"elementor-accordion-item\">\n\t\t\t\t\t<div id=\"elementor-tab-title-1032\" class=\"elementor-tab-title\" tabindex=\"1032\" data-tab=\"2\" role=\"tab\" aria-controls=\"elementor-tab-content-1032\">\n\t\t\t\t\t\t\t\t\t\t\t\t<span class=\"elementor-accordion-icon elementor-accordion-icon-left\" aria-hidden=\"true\">\n\t\t\t\t\t\t\t<i class=\"elementor-accordion-icon-closed fa fa-plus-square-o\"><\/i>\n\t\t\t\t\t\t\t<i class=\"elementor-accordion-icon-opened fa fa-minus-square-o\"><\/i>\n\t\t\t\t\t\t<\/span>\n\t\t\t\t\t\t\t\t\t\t\t\t<a href=\"\">Tarif<\/a>\n\t\t\t\t\t<\/div>\n\t\t\t\t\t<div id=\"elementor-tab-content-1032\" class=\"elementor-tab-content elementor-clearfix\" data-tab=\"2\" role=\"tabpanel\" aria-labelledby=\"elementor-tab-title-1032\"><p>Tarifs pour 4 personnes suppl\u00e9ment de 25 euros par jour pour une 5\u00e8me personne sauf enfant de moins de 3 ans taxe locale de s\u00e9jour de 1,10 euros par jour et par personne au dessus de 18 ans en sus. Option: m\u00e9nage final : 50 \u20acuros<\/p><\/div>\n\t\t\t\t<\/div>\n\t\t\t\t\t\t\t<div class=\"elementor-accordion-item\">\n\t\t\t\t\t<div id=\"elementor-tab-title-1033\" class=\"elementor-tab-title\" tabindex=\"1033\" data-tab=\"3\" role=\"tab\" aria-controls=\"elementor-tab-content-1033\">\n\t\t\t\t\t\t\t\t\t\t\t\t<span class=\"elementor-accordion-icon elementor-accordion-icon-left\" aria-hidden=\"true\">\n\t\t\t\t\t\t\t<i class=\"elementor-accordion-icon-closed fa fa-plus-square-o\"><\/i>\n\t\t\t\t\t\t\t<i class=\"elementor-accordion-icon-opened fa fa-minus-square-o\"><\/i>\n\t\t\t\t\t\t<\/span>\n\t\t\t\t\t\t\t\t\t\t\t\t<a href=\"\">Conditions d'annulation<\/a>\n\t\t\t\t\t<\/div>\n\t\t\t\t\t<div id=\"elementor-tab-content-1033\" class=\"elementor-tab-content elementor-clearfix\" data-tab=\"3\" role=\"tabpanel\" aria-labelledby=\"elementor-tab-title-1033\"><p>Les r\u00e9servations annul\u00e9es au moins 60 jours avant le d\u00e9but du s\u00e9jour pourront \u00eatre rembours\u00e9es \u00e0 hauteur de 100%.<\/p><\/div>\n\t\t\t\t<\/div>\n\t\t\t\t\t\t\t<div class=\"elementor-accordion-item\">\n\t\t\t\t\t<div id=\"elementor-tab-title-1034\" class=\"elementor-tab-title\" tabindex=\"1034\" data-tab=\"4\" role=\"tab\" aria-controls=\"elementor-tab-content-1034\">\n\t\t\t\t\t\t\t\t\t\t\t\t<span class=\"elementor-accordion-icon elementor-accordion-icon-left\" aria-hidden=\"true\">\n\t\t\t\t\t\t\t<i class=\"elementor-accordion-icon-closed fa fa-plus-square-o\"><\/i>\n\t\t\t\t\t\t\t<i class=\"elementor-accordion-icon-opened fa fa-minus-square-o\"><\/i>\n\t\t\t\t\t\t<\/span>\n\t\t\t\t\t\t\t\t\t\t\t\t<a href=\"\">R\u00e8glement int\u00e9rieur<\/a>\n\t\t\t\t\t<\/div>\n\t\t\t\t\t<div id=\"elementor-tab-content-1034\" class=\"elementor-tab-content elementor-clearfix\" data-tab=\"4\" role=\"tabpanel\" aria-labelledby=\"elementor-tab-title-1034\"><p class=\"house-rules__check-in\"><strong class=\"house-rules__check-in-out-label\">Arriv\u00e9e:\u00a0<\/strong><span class=\"house-rules__check-in-out-value\">15:00 &#8211;\u00a0<\/span><strong class=\"house-rules__check-in-out-label\">D\u00e9part:\u00a0<\/strong><span class=\"house-rules__check-in-out-value\">09:00 \/\/\u00a0<\/span>Non fumeur seulement \/\/\u00a0Animaux non admis \/\/\u00a0<span class=\"house-rules__value-rule-label\">Occupants maximums :\u00a0<\/span><span class=\"house-rules__value-rule-value\">5<\/span><\/p><\/div>\n\t\t\t\t<\/div>\n\t\t\t\t\t\t\t<div class=\"elementor-accordion-item\">\n\t\t\t\t\t<div id=\"elementor-tab-title-1035\" class=\"elementor-tab-title\" tabindex=\"1035\" data-tab=\"5\" role=\"tab\" aria-controls=\"elementor-tab-content-1035\">\n\t\t\t\t\t\t\t\t\t\t\t\t<span class=\"elementor-accordion-icon elementor-accordion-icon-left\" aria-hidden=\"true\">\n\t\t\t\t\t\t\t<i class=\"elementor-accordion-icon-closed fa fa-plus-square-o\"><\/i>\n\t\t\t\t\t\t\t<i class=\"elementor-accordion-icon-opened fa fa-minus-square-o\"><\/i>\n\t\t\t\t\t\t<\/span>\n\t\t\t\t\t\t\t\t\t\t\t\t<a href=\"\">Non fourni<\/a>\n\t\t\t\t\t<\/div>\n\t\t\t\t\t<div id=\"elementor-tab-content-1035\" class=\"elementor-tab-content elementor-clearfix\" data-tab=\"5\" role=\"tabpanel\" aria-labelledby=\"elementor-tab-title-1035\"><p>Draps , taies d&rsquo;oreiller, serviettes de bain et de toilette \/\/\u00a0 Possibilit\u00e9 de location de linge<\/p><\/div>\n\t\t\t\t<\/div>\n\t\t\t\t\t<\/div>\n\t\t\t\t<\/div>\n\t\t\t\t<\/div>\n\t\t\t\t\t\t<\/div>\n\t\t\t<\/div>\n\t\t<\/div>\n\t\t\t\t\t\t<\/div>\n\t\t\t<\/div>\n\t\t<\/section>\n\t\t\t\t<section data-id=\"2d69e63\" class=\"elementor-element elementor-element-2d69e63 elementor-section-boxed elementor-section-height-default elementor-section-height-default elementor-section elementor-top-section\" data-element_type=\"section\">\n\t\t\t\t\t\t<div class=\"elementor-container elementor-column-gap-default\">\n\t\t\t\t<div class=\"elementor-row\">\n\t\t\t\t<div data-id=\"e2bff2c\" class=\"elementor-element elementor-element-e2bff2c elementor-column elementor-col-100 elementor-top-column\" data-element_type=\"column\">\n\t\t\t<div class=\"elementor-column-wrap\">\n\t\t\t\t\t<div class=\"elementor-widget-wrap\">\n\t\t\t\t\t\t<\/div>\n\t\t\t<\/div>\n\t\t<\/div>\n\t\t\t\t\t\t<\/div>\n\t\t\t<\/div>\n\t\t<\/section>\n\t\t\t\t<section data-id=\"f60bcc7\" class=\"elementor-element elementor-element-f60bcc7 elementor-section-boxed elementor-section-height-default elementor-section-height-default elementor-section elementor-top-section\" data-element_type=\"section\">\n\t\t\t\t\t\t<div class=\"elementor-container elementor-column-gap-default\">\n\t\t\t\t<div class=\"elementor-row\">\n\t\t\t\t<div data-id=\"02871fb\" class=\"elementor-element elementor-element-02871fb elementor-column elementor-col-100 elementor-top-column\" data-element_type=\"column\">\n\t\t\t<div class=\"elementor-column-wrap  elementor-element-populated\">\n\t\t\t\t\t<div class=\"elementor-widget-wrap\">\n\t\t\t\t<div data-id=\"92c1ccc\" class=\"elementor-element elementor-element-92c1ccc elementor-button-info elementor-align-center animated fadeIn elementor-invisible elementor-widget elementor-widget-button\" data-settings=\"{&quot;_animation&quot;:&quot;fadeIn&quot;}\" data-element_type=\"button.default\">\n\t\t\t\t<div class=\"elementor-widget-container\">\n\t\t\t\t\t<div class=\"elementor-button-wrapper\">\n\t\t\t<a href=\"https:\/\/www.location-hossegor-thalassa.fr\/wp-content\/uploads\/2019\/01\/conditions-ge\u0301ne\u0301rales-de-location.pdf&quot;\" class=\"elementor-button-link elementor-button elementor-size-lg\" target=\"_blank\" role=\"button\">\n\t\t\t\t\t\t<span class=\"elementor-button-content-wrapper\">\n\t\t\t\t\t\t<span class=\"elementor-button-icon elementor-align-icon-left\">\n\t\t\t\t<i class=\"fa fa-download\" aria-hidden=\"true\"><\/i>\n\t\t\t<\/span>\n\t\t\t\t\t\t<span class=\"elementor-button-text\">T\u00e9l\u00e9charger le contrat de location<\/span>\n\t\t<\/span>\n\t\t\t\t\t<\/a>\n\t\t<\/div>\n\t\t\t\t<\/div>\n\t\t\t\t<\/div>\n\t\t\t\t\t\t<\/div>\n\t\t\t<\/div>\n\t\t<\/div>\n\t\t\t\t\t\t<\/div>\n\t\t\t<\/div>\n\t\t<\/section>\n\t\t\t\t\t\t<\/div>\n\t\t\t<\/div>\n\t\t<\/div>\n\t\t","protected":false},"excerpt":{"rendered":"<p>Termes et Conditions Conditions de location par appartement 4 adultes maximum.\u00a0Convient id\u00e9alement pour famille avec 2\/3 enfants.\u00a0\u00a0 Location \u00e0 la SEMAINE, d&rsquo;avril \u00e0 juin et de septembre \u00e0 novembre, de SAMEDI \u00e0 SAMEDI, voire de dimanche \u00e0 dimanche. En haute [&hellip;]<\/p>\n","protected":false},"author":1,"featured_media":0,"parent":0,"menu_order":0,"comment_status":"closed","ping_status":"closed","template":"page-r.php","meta":{"_monsterinsights_skip_tracking":false,"_monsterinsights_sitenote_active":false,"_monsterinsights_sitenote_note":"","_monsterinsights_sitenote_category":0},"_links":{"self":[{"href":"https:\/\/www.location-hossegor-thalassa.fr\/home\/wp-json\/wp\/v2\/pages\/770"}],"collection":[{"href":"https:\/\/www.location-hossegor-thalassa.fr\/home\/wp-json\/wp\/v2\/pages"}],"about":[{"href":"https:\/\/www.location-hossegor-thalassa.fr\/home\/wp-json\/wp\/v2\/types\/page"}],"author":[{"embeddable":true,"href":"https:\/\/www.location-hossegor-thalassa.fr\/home\/wp-json\/wp\/v2\/users\/1"}],"replies":[{"embeddable":true,"href":"https:\/\/www.location-hossegor-thalassa.fr\/home\/wp-json\/wp\/v2\/comments?post=770"}],"version-history":[{"count":11,"href":"https:\/\/www.location-hossegor-thalassa.fr\/home\/wp-json\/wp\/v2\/pages\/770\/revisions"}],"predecessor-version":[{"id":2271,"href":"https:\/\/www.location-hossegor-thalassa.fr\/home\/wp-json\/wp\/v2\/pages\/770\/revisions\/2271"}],"wp:attachment":[{"href":"https:\/\/www.location-hossegor-thalassa.fr\/home\/wp-json\/wp\/v2\/media?parent=770"}],"curies":[{"name":"wp","href":"https:\/\/api.w.org\/{rel}","templated":true}]}}